{"id":135,"date":"2024-01-04T13:35:32","date_gmt":"2024-01-04T12:35:32","guid":{"rendered":"http:\/\/www.villadaturismo.com\/historia\/?page_id=135"},"modified":"2024-07-18T10:58:00","modified_gmt":"2024-07-18T08:58:00","slug":"el-archivo","status":"publish","type":"page","link":"https:\/\/www.villadaturismo.com\/historia\/el-archivo\/","title":{"rendered":"El Archivo"},"content":{"rendered":"\n<h2 class=\"wp-block-heading alignwide\" style=\"margin-top:7.6rem;margin-bottom:7.6rem\">El Archivo<\/h2>\n\n\n\n<div class=\"wp-block-group alignwide has-border-color has-ast-global-color-7-border-color is-layout-constrained wp-container-core-group-is-layout-2e1211d5 wp-block-group-is-layout-constrained\" style=\"border-width:25px;border-radius:41px;min-height:0px;margin-top:var(--wp--preset--spacing--80);margin-bottom:var(--wp--preset--spacing--80);padding-top:var(--wp--preset--spacing--40);padding-right:var(--wp--preset--spacing--50);padding-bottom:var(--wp--preset--spacing--40);padding-left:var(--wp--preset--spacing--50)\">\n<h3 class=\"wp-block-heading has-large-font-size\">Archivo Municipal de Villada: Un Tesoro Hist\u00f3rico a tu Alcance<\/h3>\n\n\n\n<p class=\"has-medium-font-size\">El Archivo Municipal de Villada es un custodio de la historia de nuestro pueblo, resguardando una colecci\u00f3n de documentos que abarcan desde el siglo XVI hasta la actualidad. Este archivo no solo es un dep\u00f3sito de papeles antiguos, sino un testimonio vivo de la evoluci\u00f3n, la cultura y las curiosidades de Villada a lo largo de los siglos.<\/p>\n\n\n\n<p class=\"has-medium-font-size\">A trav\u00e9s de nuestra web, el Archivo Municipal de Villada se abre al p\u00fablico con el objetivo de compartir estos valiosos documentos y permitir a todos los interesados explorar el rico pasado de nuestro municipio. En esta plataforma digital, podr\u00e1s acceder a una variedad de recursos, incluyendo actas, registros, mapas, fotograf\u00edas y correspondencias que relatan la vida y los acontecimientos que han moldeado Villada a lo largo del tiempo.<\/p>\n\n\n\n<p class=\"has-medium-font-size\">El prop\u00f3sito de esta iniciativa es fomentar el conocimiento y la apreciaci\u00f3n de nuestra historia local, proporcionando a investigadores, estudiantes y ciudadanos en general, una herramienta accesible y eficiente para descubrir los secretos de nuestro pasado. Adem\u00e1s, se busca mantener viva la memoria hist\u00f3rica de Villada, permitiendo que las nuevas generaciones comprendan y valoren el patrimonio cultural que heredamos.<\/p>\n\n\n\n<p class=\"has-medium-font-size\">Invitamos a todos a explorar la web del Archivo Municipal de Villada y sumergirse en los documentos que narran las historias y an\u00e9cdotas de nuestro querido pueblo. Ya sea que busques informaci\u00f3n para un proyecto de investigaci\u00f3n, tengas curiosidad por conocer m\u00e1s sobre tus antepasados, o simplemente desees aprender m\u00e1s sobre la historia local.<\/p>\n<\/div>\n\n\n\n<div class=\"wp-block-group alignfull has-contrast-color has-ast-global-color-0-background-color has-text-color has-background is-vertical is-content-justification-center is-layout-flex wp-container-core-group-is-layout-61a533f5 wp-block-group-is-layout-flex\" style=\"min-height:40vh;margin-top:0;margin-bottom:0;padding-top:var(--wp--preset--spacing--60);padding-right:0;padding-bottom:var(--wp--preset--spacing--60);padding-left:0\">\n<p class=\"has-text-align-center has-ast-global-color-7-color has-text-color has-link-color has-medium-font-size wp-elements-12e4c77a12c7261bc8d7bda08eafbe82\">Descubre la Historia de Villada<\/p>\n\n\n\n<div class=\"wp-block-columns has-ast-global-color-4-background-color has-background is-layout-flex wp-container-core-columns-is-layout-28f84493 wp-block-columns-is-layout-flex\" style=\"border-style:none;border-width:0px;border-radius:89px\">\n<div class=\"wp-block-column is-vertically-aligned-center is-layout-flow wp-block-column-is-layout-flow\" style=\"flex-basis:100%\">\n<div class=\"wp-block-columns is-layout-flex wp-container-core-columns-is-layout-28f84493 wp-block-columns-is-layout-flex\">\n<div class=\"wp-block-column is-layout-flow wp-block-column-is-layout-flow\">\n<figure class=\"wp-block-image aligncenter size-full is-resized\"><img fetchpriority=\"high\" decoding=\"async\" width=\"1024\" height=\"301\" src=\"http:\/\/www.villadaturismo.com\/historia\/wp-content\/uploads\/2024\/03\/ES-Financiado-por-la-Union-Europea_POS-1024x301-1.jpg\" alt=\"\" class=\"wp-image-665\" style=\"width:163px;height:auto\" srcset=\"https:\/\/www.villadaturismo.com\/historia\/wp-content\/uploads\/2024\/03\/ES-Financiado-por-la-Union-Europea_POS-1024x301-1.jpg 1024w, https:\/\/www.villadaturismo.com\/historia\/wp-content\/uploads\/2024\/03\/ES-Financiado-por-la-Union-Europea_POS-1024x301-1-300x88.jpg 300w, https:\/\/www.villadaturismo.com\/historia\/wp-content\/uploads\/2024\/03\/ES-Financiado-por-la-Union-Europea_POS-1024x301-1-768x226.jpg 768w\" sizes=\"(max-width: 1024px) 100vw, 1024px\" \/><\/figure>\n<\/div>\n\n\n\n<div class=\"wp-block-column is-layout-flow wp-block-column-is-layout-flow\">\n<figure class=\"wp-block-image aligncenter size-full is-resized\"><img decoding=\"async\" width=\"1024\" height=\"494\" src=\"http:\/\/www.villadaturismo.com\/historia\/wp-content\/uploads\/2024\/03\/Logotipo_del_Gobierno_de_Espana.svg.png\" alt=\"\" class=\"wp-image-666\" style=\"width:108px;height:auto\" srcset=\"https:\/\/www.villadaturismo.com\/historia\/wp-content\/uploads\/2024\/03\/Logotipo_del_Gobierno_de_Espana.svg.png 1024w, https:\/\/www.villadaturismo.com\/historia\/wp-content\/uploads\/2024\/03\/Logotipo_del_Gobierno_de_Espana.svg-300x145.png 300w, https:\/\/www.villadaturismo.com\/historia\/wp-content\/uploads\/2024\/03\/Logotipo_del_Gobierno_de_Espana.svg-768x371.png 768w\" sizes=\"(max-width: 1024px) 100vw, 1024px\" \/><\/figure>\n<\/div>\n\n\n\n<div class=\"wp-block-column has-ast-global-color-6-background-color has-background is-layout-flow wp-block-column-is-layout-flow\">\n<figure class=\"wp-block-image aligncenter size-full is-resized has-custom-border wp-duotone-unset-1\"><img decoding=\"async\" src=\"http:\/\/www.villadaturismo.com\/historia\/wp-content\/uploads\/2024\/03\/Logotipo_del_Plan_de_Recuperacion_Transformacion_y_Resiliencia.svg\" alt=\"\" class=\"wp-image-667\" style=\"border-style:none;border-width:0px;border-radius:0px;width:150px;height:auto\"\/><\/figure>\n<\/div>\n\n\n\n<div class=\"wp-block-column is-layout-flow wp-block-column-is-layout-flow\">\n<figure class=\"wp-block-image aligncenter size-full is-resized\"><img decoding=\"async\" width=\"284\" height=\"178\" src=\"http:\/\/www.villadaturismo.com\/historia\/wp-content\/uploads\/2024\/01\/descarga-1.png\" alt=\"\" class=\"wp-image-423\" style=\"width:81px;height:auto\"\/><\/figure>\n<\/div>\n\n\n\n<div class=\"wp-block-column is-layout-flow wp-block-column-is-layout-flow\">\n<figure class=\"wp-block-image aligncenter size-large\"><img loading=\"lazy\" decoding=\"async\" width=\"1024\" height=\"319\" src=\"http:\/\/www.villadaturismo.com\/historia\/wp-content\/uploads\/2024\/01\/Logo-Largo-Color-Fondo-1024x319.jpg\" alt=\"\" class=\"wp-image-421\" srcset=\"https:\/\/www.villadaturismo.com\/historia\/wp-content\/uploads\/2024\/01\/Logo-Largo-Color-Fondo-1024x319.jpg 1024w, https:\/\/www.villadaturismo.com\/historia\/wp-content\/uploads\/2024\/01\/Logo-Largo-Color-Fondo-300x94.jpg 300w, https:\/\/www.villadaturismo.com\/historia\/wp-content\/uploads\/2024\/01\/Logo-Largo-Color-Fondo-768x239.jpg 768w, https:\/\/www.villadaturismo.com\/historia\/wp-content\/uploads\/2024\/01\/Logo-Largo-Color-Fondo.jpg 1200w\" sizes=\"(max-width: 1024px) 100vw, 1024px\" \/><\/figure>\n<\/div>\n\n\n\n<div class=\"wp-block-column is-layout-flow wp-block-column-is-layout-flow\">\n<figure class=\"wp-block-image aligncenter size-large is-resized\"><img loading=\"lazy\" decoding=\"async\" width=\"1024\" height=\"928\" src=\"http:\/\/www.villadaturismo.com\/historia\/wp-content\/uploads\/2024\/02\/logovillaada-1024x928.png\" alt=\"\" class=\"wp-image-624\" style=\"width:81px;height:auto\" srcset=\"https:\/\/www.villadaturismo.com\/historia\/wp-content\/uploads\/2024\/02\/logovillaada-1024x928.png 1024w, https:\/\/www.villadaturismo.com\/historia\/wp-content\/uploads\/2024\/02\/logovillaada-300x272.png 300w, https:\/\/www.villadaturismo.com\/historia\/wp-content\/uploads\/2024\/02\/logovillaada-768x696.png 768w, https:\/\/www.villadaturismo.com\/historia\/wp-content\/uploads\/2024\/02\/logovillaada-1536x1391.png 1536w, https:\/\/www.villadaturismo.com\/historia\/wp-content\/uploads\/2024\/02\/logovillaada-53x48.png 53w, https:\/\/www.villadaturismo.com\/historia\/wp-content\/uploads\/2024\/02\/logovillaada.png 1836w\" sizes=\"(max-width: 1024px) 100vw, 1024px\" \/><\/figure>\n<\/div>\n<\/div>\n<\/div>\n<\/div>\n\n\n\n<ul class=\"wp-block-social-links has-normal-icon-size is-style-logos-only is-nowrap is-layout-flex wp-container-core-social-links-is-layout-65900438 wp-block-social-links-is-layout-flex\"><li class=\"wp-social-link wp-social-link-facebook  wp-block-social-link\"><a href=\"\" class=\"wp-block-social-link-anchor\"><svg width=\"24\" height=\"24\" viewBox=\"0 0 24 24\" version=\"1.1\" xmlns=\"http:\/\/www.w3.org\/2000\/svg\" aria-hidden=\"true\" focusable=\"false\"><path d=\"M12 2C6.5 2 2 6.5 2 12c0 5 3.7 9.1 8.4 9.9v-7H7.9V12h2.5V9.8c0-2.5 1.5-3.9 3.8-3.9 1.1 0 2.2.2 2.2.2v2.5h-1.3c-1.2 0-1.6.8-1.6 1.6V12h2.8l-.4 2.9h-2.3v7C18.3 21.1 22 17 22 12c0-5.5-4.5-10-10-10z\"><\/path><\/svg><span class=\"wp-block-social-link-label screen-reader-text\">https:\/\/www.facebook.com\/ayuntamiento.devillada\/?locale=es_ES&amp;checkpoint_src=any<\/span><\/a><\/li>\n\n<li class=\"wp-social-link wp-social-link-youtube  wp-block-social-link\"><a href=\"https:\/\/www.youtube.com\/@ayuntamientovillada4833\" class=\"wp-block-social-link-anchor\"><svg width=\"24\" height=\"24\" viewBox=\"0 0 24 24\" version=\"1.1\" xmlns=\"http:\/\/www.w3.org\/2000\/svg\" aria-hidden=\"true\" focusable=\"false\"><path d=\"M21.8,8.001c0,0-0.195-1.378-0.795-1.985c-0.76-0.797-1.613-0.801-2.004-0.847c-2.799-0.202-6.997-0.202-6.997-0.202 h-0.009c0,0-4.198,0-6.997,0.202C4.608,5.216,3.756,5.22,2.995,6.016C2.395,6.623,2.2,8.001,2.2,8.001S2,9.62,2,11.238v1.517 c0,1.618,0.2,3.237,0.2,3.237s0.195,1.378,0.795,1.985c0.761,0.797,1.76,0.771,2.205,0.855c1.6,0.153,6.8,0.201,6.8,0.201 s4.203-0.006,7.001-0.209c0.391-0.047,1.243-0.051,2.004-0.847c0.6-0.607,0.795-1.985,0.795-1.985s0.2-1.618,0.2-3.237v-1.517 C22,9.62,21.8,8.001,21.8,8.001z M9.935,14.594l-0.001-5.62l5.404,2.82L9.935,14.594z\"><\/path><\/svg><span class=\"wp-block-social-link-label screen-reader-text\">https:\/\/www.youtube.com\/@ayuntamientovillada4833<\/span><\/a><\/li>\n\n<li class=\"wp-social-link wp-social-link-instagram  wp-block-social-link\"><a href=\"https:\/\/www.instagram.com\/ayuntamiento_villada\/\" class=\"wp-block-social-link-anchor\"><svg width=\"24\" height=\"24\" viewBox=\"0 0 24 24\" version=\"1.1\" xmlns=\"http:\/\/www.w3.org\/2000\/svg\" aria-hidden=\"true\" focusable=\"false\"><path d=\"M12,4.622c2.403,0,2.688,0.009,3.637,0.052c0.877,0.04,1.354,0.187,1.671,0.31c0.42,0.163,0.72,0.358,1.035,0.673 c0.315,0.315,0.51,0.615,0.673,1.035c0.123,0.317,0.27,0.794,0.31,1.671c0.043,0.949,0.052,1.234,0.052,3.637 s-0.009,2.688-0.052,3.637c-0.04,0.877-0.187,1.354-0.31,1.671c-0.163,0.42-0.358,0.72-0.673,1.035 c-0.315,0.315-0.615,0.51-1.035,0.673c-0.317,0.123-0.794,0.27-1.671,0.31c-0.949,0.043-1.233,0.052-3.637,0.052 s-2.688-0.009-3.637-0.052c-0.877-0.04-1.354-0.187-1.671-0.31c-0.42-0.163-0.72-0.358-1.035-0.673 c-0.315-0.315-0.51-0.615-0.673-1.035c-0.123-0.317-0.27-0.794-0.31-1.671C4.631,14.688,4.622,14.403,4.622,12 s0.009-2.688,0.052-3.637c0.04-0.877,0.187-1.354,0.31-1.671c0.163-0.42,0.358-0.72,0.673-1.035 c0.315-0.315,0.615-0.51,1.035-0.673c0.317-0.123,0.794-0.27,1.671-0.31C9.312,4.631,9.597,4.622,12,4.622 M12,3 C9.556,3,9.249,3.01,8.289,3.054C7.331,3.098,6.677,3.25,6.105,3.472C5.513,3.702,5.011,4.01,4.511,4.511 c-0.5,0.5-0.808,1.002-1.038,1.594C3.25,6.677,3.098,7.331,3.054,8.289C3.01,9.249,3,9.556,3,12c0,2.444,0.01,2.751,0.054,3.711 c0.044,0.958,0.196,1.612,0.418,2.185c0.23,0.592,0.538,1.094,1.038,1.594c0.5,0.5,1.002,0.808,1.594,1.038 c0.572,0.222,1.227,0.375,2.185,0.418C9.249,20.99,9.556,21,12,21s2.751-0.01,3.711-0.054c0.958-0.044,1.612-0.196,2.185-0.418 c0.592-0.23,1.094-0.538,1.594-1.038c0.5-0.5,0.808-1.002,1.038-1.594c0.222-0.572,0.375-1.227,0.418-2.185 C20.99,14.751,21,14.444,21,12s-0.01-2.751-0.054-3.711c-0.044-0.958-0.196-1.612-0.418-2.185c-0.23-0.592-0.538-1.094-1.038-1.594 c-0.5-0.5-1.002-0.808-1.594-1.038c-0.572-0.222-1.227-0.375-2.185-0.418C14.751,3.01,14.444,3,12,3L12,3z M12,7.378 c-2.552,0-4.622,2.069-4.622,4.622S9.448,16.622,12,16.622s4.622-2.069,4.622-4.622S14.552,7.378,12,7.378z M12,15 c-1.657,0-3-1.343-3-3s1.343-3,3-3s3,1.343,3,3S13.657,15,12,15z M16.804,6.116c-0.596,0-1.08,0.484-1.08,1.08 s0.484,1.08,1.08,1.08c0.596,0,1.08-0.484,1.08-1.08S17.401,6.116,16.804,6.116z\"><\/path><\/svg><span class=\"wp-block-social-link-label screen-reader-text\">Instagram<\/span><\/a><\/li>\n\n<li class=\"wp-social-link wp-social-link-twitter  wp-block-social-link\"><a href=\"https:\/\/x.com\/AytodeVillada\" class=\"wp-block-social-link-anchor\"><svg width=\"24\" height=\"24\" viewBox=\"0 0 24 24\" version=\"1.1\" xmlns=\"http:\/\/www.w3.org\/2000\/svg\" aria-hidden=\"true\" focusable=\"false\"><path d=\"M22.23,5.924c-0.736,0.326-1.527,0.547-2.357,0.646c0.847-0.508,1.498-1.312,1.804-2.27 c-0.793,0.47-1.671,0.812-2.606,0.996C18.324,4.498,17.257,4,16.077,4c-2.266,0-4.103,1.837-4.103,4.103 c0,0.322,0.036,0.635,0.106,0.935C8.67,8.867,5.647,7.234,3.623,4.751C3.27,5.357,3.067,6.062,3.067,6.814 c0,1.424,0.724,2.679,1.825,3.415c-0.673-0.021-1.305-0.206-1.859-0.513c0,0.017,0,0.034,0,0.052c0,1.988,1.414,3.647,3.292,4.023 c-0.344,0.094-0.707,0.144-1.081,0.144c-0.264,0-0.521-0.026-0.772-0.074c0.522,1.63,2.038,2.816,3.833,2.85 c-1.404,1.1-3.174,1.756-5.096,1.756c-0.331,0-0.658-0.019-0.979-0.057c1.816,1.164,3.973,1.843,6.29,1.843 c7.547,0,11.675-6.252,11.675-11.675c0-0.178-0.004-0.355-0.012-0.531C20.985,7.47,21.68,6.747,22.23,5.924z\"><\/path><\/svg><span class=\"wp-block-social-link-label screen-reader-text\">https:\/\/x.com\/AytodeVillada<\/span><\/a><\/li><\/ul>\n<\/div>\n\n\n\n<p><\/p>\n","protected":false},"excerpt":{"rendered":"<p>El Archivo Archivo Municipal de Villada: Un Tesoro Hist\u00f3rico a tu Alcance El Archivo Municipal de Villada es un custodio de la historia de nuestro pueblo, resguardando una colecci\u00f3n de documentos que abarcan desde el siglo XVI hasta la actualidad. Este archivo no solo es un dep\u00f3sito de papeles antiguos, sino un testimonio vivo de [&hellip;]<\/p>\n","protected":false},"author":1,"featured_media":0,"parent":0,"menu_order":0,"comment_status":"closed","ping_status":"closed","template":"","meta":{"tpgb_global_settings":"","site-sidebar-layout":"default","site-content-layout":"","ast-site-content-layout":"","site-content-style":"default","site-sidebar-style":"default","ast-global-header-display":"","ast-banner-title-visibility":"","ast-main-header-display":"","ast-hfb-above-header-display":"","ast-hfb-below-header-display":"","ast-hfb-mobile-header-display":"","site-post-title":"disabled","ast-breadcrumbs-content":"","ast-featured-img":"","footer-sml-layout":"","theme-transparent-header-meta":"","adv-header-id-meta":"","stick-header-meta":"","header-above-stick-meta":"","header-main-stick-meta":"","header-below-stick-meta":"","astra-migrate-meta-layouts":"default","ast-page-background-enabled":"default","ast-page-background-meta":{"desktop":{"background-color":"var(--ast-global-color-4)","background-image":"","background-repeat":"repeat","background-position":"center center","background-size":"auto","background-attachment":"scroll","background-type":"","background-media":"","overlay-type":"","overlay-color":"","overlay-opacity":"","overlay-gradient":""},"tablet":{"background-color":"","background-image":"","background-repeat":"repeat","background-position":"center center","background-size":"auto","background-attachment":"scroll","background-type":"","background-media":"","overlay-type":"","overlay-color":"","overlay-opacity":"","overlay-gradient":""},"mobile":{"background-color":"","background-image":"","background-repeat":"repeat","background-position":"center center","background-size":"auto","background-attachment":"scroll","background-type":"","background-media":"","overlay-type":"","overlay-color":"","overlay-opacity":"","overlay-gradient":""}},"ast-content-background-meta":{"desktop":{"background-color":"var(--ast-global-color-5)","background-image":"","background-repeat":"repeat","background-position":"center center","background-size":"auto","background-attachment":"scroll","background-type":"","background-media":"","overlay-type":"","overlay-color":"","overlay-opacity":"","overlay-gradient":""},"tablet":{"background-color":"var(--ast-global-color-5)","background-image":"","background-repeat":"repeat","background-position":"center center","background-size":"auto","background-attachment":"scroll","background-type":"","background-media":"","overlay-type":"","overlay-color":"","overlay-opacity":"","overlay-gradient":""},"mobile":{"background-color":"var(--ast-global-color-5)","background-image":"","background-repeat":"repeat","background-position":"center center","background-size":"auto","background-attachment":"scroll","background-type":"","background-media":"","overlay-type":"","overlay-color":"","overlay-opacity":"","overlay-gradient":""}},"footnotes":""},"class_list":["post-135","page","type-page","status-publish","hentry"],"yoast_head":"<!-- This site is optimized with the Yoast SEO plugin v24.1 - https:\/\/yoast.com\/wordpress\/plugins\/seo\/ -->\n<title>El Archivo - Archivo Hist\u00f3rico de Villada<\/title>\n<meta name=\"robots\" content=\"index, follow, max-snippet:-1, max-image-preview:large, max-video-preview:-1\" \/>\n<link rel=\"canonical\" href=\"https:\/\/www.villadaturismo.com\/historia\/el-archivo\/\" \/>\n<meta property=\"og:locale\" content=\"es_ES\" \/>\n<meta property=\"og:type\" content=\"article\" \/>\n<meta property=\"og:title\" content=\"El Archivo - Archivo Hist\u00f3rico de Villada\" \/>\n<meta property=\"og:description\" content=\"El Archivo Archivo Municipal de Villada: Un Tesoro Hist\u00f3rico a tu Alcance El Archivo Municipal de Villada es un custodio de la historia de nuestro pueblo, resguardando una colecci\u00f3n de documentos que abarcan desde el siglo XVI hasta la actualidad. Este archivo no solo es un dep\u00f3sito de papeles antiguos, sino un testimonio vivo de [&hellip;]\" \/>\n<meta property=\"og:url\" content=\"https:\/\/www.villadaturismo.com\/historia\/el-archivo\/\" \/>\n<meta property=\"og:site_name\" content=\"Archivo Hist\u00f3rico de Villada\" \/>\n<meta property=\"article:publisher\" content=\"https:\/\/www.facebook.com\/ayuntamiento.devillada\/?locale=es_ES\" \/>\n<meta property=\"article:modified_time\" content=\"2024-07-18T08:58:00+00:00\" \/>\n<meta name=\"twitter:card\" content=\"summary_large_image\" \/>\n<meta name=\"twitter:site\" content=\"@aytodevillada\" \/>\n<meta name=\"twitter:label1\" content=\"Tiempo de lectura\" \/>\n\t<meta name=\"twitter:data1\" content=\"1 minuto\" \/>\n<script type=\"application\/ld+json\" class=\"yoast-schema-graph\">{\"@context\":\"https:\/\/schema.org\",\"@graph\":[{\"@type\":\"WebPage\",\"@id\":\"https:\/\/www.villadaturismo.com\/historia\/el-archivo\/\",\"url\":\"https:\/\/www.villadaturismo.com\/historia\/el-archivo\/\",\"name\":\"El Archivo - Archivo Hist\u00f3rico de Villada\",\"isPartOf\":{\"@id\":\"https:\/\/www.villadaturismo.com\/historia\/#website\"},\"datePublished\":\"2024-01-04T12:35:32+00:00\",\"dateModified\":\"2024-07-18T08:58:00+00:00\",\"breadcrumb\":{\"@id\":\"https:\/\/www.villadaturismo.com\/historia\/el-archivo\/#breadcrumb\"},\"inLanguage\":\"es\",\"potentialAction\":[{\"@type\":\"ReadAction\",\"target\":[\"https:\/\/www.villadaturismo.com\/historia\/el-archivo\/\"]}]},{\"@type\":\"BreadcrumbList\",\"@id\":\"https:\/\/www.villadaturismo.com\/historia\/el-archivo\/#breadcrumb\",\"itemListElement\":[{\"@type\":\"ListItem\",\"position\":1,\"name\":\"Portada\",\"item\":\"https:\/\/www.villadaturismo.com\/historia\/\"},{\"@type\":\"ListItem\",\"position\":2,\"name\":\"El Archivo\"}]},{\"@type\":\"WebSite\",\"@id\":\"https:\/\/www.villadaturismo.com\/historia\/#website\",\"url\":\"https:\/\/www.villadaturismo.com\/historia\/\",\"name\":\"Archivo Hist\u00f3rico de Villada\",\"description\":\"Archivo Hist\u00f3rico de Villada\",\"publisher\":{\"@id\":\"https:\/\/www.villadaturismo.com\/historia\/#organization\"},\"alternateName\":\"Villada historia\",\"potentialAction\":[{\"@type\":\"SearchAction\",\"target\":{\"@type\":\"EntryPoint\",\"urlTemplate\":\"https:\/\/www.villadaturismo.com\/historia\/?s={search_term_string}\"},\"query-input\":{\"@type\":\"PropertyValueSpecification\",\"valueRequired\":true,\"valueName\":\"search_term_string\"}}],\"inLanguage\":\"es\"},{\"@type\":\"Organization\",\"@id\":\"https:\/\/www.villadaturismo.com\/historia\/#organization\",\"name\":\"Archivo Hist\u00f3rico de Villada\",\"alternateName\":\"historia villada\",\"url\":\"https:\/\/www.villadaturismo.com\/historia\/\",\"logo\":{\"@type\":\"ImageObject\",\"inLanguage\":\"es\",\"@id\":\"https:\/\/www.villadaturismo.com\/historia\/#\/schema\/logo\/image\/\",\"url\":\"https:\/\/www.villadaturismo.com\/historia\/wp-content\/uploads\/2024\/02\/logovillaada.png\",\"contentUrl\":\"https:\/\/www.villadaturismo.com\/historia\/wp-content\/uploads\/2024\/02\/logovillaada.png\",\"width\":1836,\"height\":1663,\"caption\":\"Archivo Hist\u00f3rico de Villada\"},\"image\":{\"@id\":\"https:\/\/www.villadaturismo.com\/historia\/#\/schema\/logo\/image\/\"},\"sameAs\":[\"https:\/\/www.facebook.com\/ayuntamiento.devillada\/?locale=es_ES\",\"https:\/\/x.com\/aytodevillada\",\"https:\/\/www.instagram.com\/ayuntamiento_villada\/\",\"https:\/\/villada.es\/\"]}]}<\/script>\n<!-- \/ Yoast SEO plugin. -->","yoast_head_json":{"title":"El Archivo - Archivo Hist\u00f3rico de Villada","robots":{"index":"index","follow":"follow","max-snippet":"max-snippet:-1","max-image-preview":"max-image-preview:large","max-video-preview":"max-video-preview:-1"},"canonical":"https:\/\/www.villadaturismo.com\/historia\/el-archivo\/","og_locale":"es_ES","og_type":"article","og_title":"El Archivo - Archivo Hist\u00f3rico de Villada","og_description":"El Archivo Archivo Municipal de Villada: Un Tesoro Hist\u00f3rico a tu Alcance El Archivo Municipal de Villada es un custodio de la historia de nuestro pueblo, resguardando una colecci\u00f3n de documentos que abarcan desde el siglo XVI hasta la actualidad. Este archivo no solo es un dep\u00f3sito de papeles antiguos, sino un testimonio vivo de [&hellip;]","og_url":"https:\/\/www.villadaturismo.com\/historia\/el-archivo\/","og_site_name":"Archivo Hist\u00f3rico de Villada","article_publisher":"https:\/\/www.facebook.com\/ayuntamiento.devillada\/?locale=es_ES","article_modified_time":"2024-07-18T08:58:00+00:00","twitter_card":"summary_large_image","twitter_site":"@aytodevillada","twitter_misc":{"Tiempo de lectura":"1 minuto"},"schema":{"@context":"https:\/\/schema.org","@graph":[{"@type":"WebPage","@id":"https:\/\/www.villadaturismo.com\/historia\/el-archivo\/","url":"https:\/\/www.villadaturismo.com\/historia\/el-archivo\/","name":"El Archivo - Archivo Hist\u00f3rico de Villada","isPartOf":{"@id":"https:\/\/www.villadaturismo.com\/historia\/#website"},"datePublished":"2024-01-04T12:35:32+00:00","dateModified":"2024-07-18T08:58:00+00:00","breadcrumb":{"@id":"https:\/\/www.villadaturismo.com\/historia\/el-archivo\/#breadcrumb"},"inLanguage":"es","potentialAction":[{"@type":"ReadAction","target":["https:\/\/www.villadaturismo.com\/historia\/el-archivo\/"]}]},{"@type":"BreadcrumbList","@id":"https:\/\/www.villadaturismo.com\/historia\/el-archivo\/#breadcrumb","itemListElement":[{"@type":"ListItem","position":1,"name":"Portada","item":"https:\/\/www.villadaturismo.com\/historia\/"},{"@type":"ListItem","position":2,"name":"El Archivo"}]},{"@type":"WebSite","@id":"https:\/\/www.villadaturismo.com\/historia\/#website","url":"https:\/\/www.villadaturismo.com\/historia\/","name":"Archivo Hist\u00f3rico de Villada","description":"Archivo Hist\u00f3rico de Villada","publisher":{"@id":"https:\/\/www.villadaturismo.com\/historia\/#organization"},"alternateName":"Villada historia","potentialAction":[{"@type":"SearchAction","target":{"@type":"EntryPoint","urlTemplate":"https:\/\/www.villadaturismo.com\/historia\/?s={search_term_string}"},"query-input":{"@type":"PropertyValueSpecification","valueRequired":true,"valueName":"search_term_string"}}],"inLanguage":"es"},{"@type":"Organization","@id":"https:\/\/www.villadaturismo.com\/historia\/#organization","name":"Archivo Hist\u00f3rico de Villada","alternateName":"historia villada","url":"https:\/\/www.villadaturismo.com\/historia\/","logo":{"@type":"ImageObject","inLanguage":"es","@id":"https:\/\/www.villadaturismo.com\/historia\/#\/schema\/logo\/image\/","url":"https:\/\/www.villadaturismo.com\/historia\/wp-content\/uploads\/2024\/02\/logovillaada.png","contentUrl":"https:\/\/www.villadaturismo.com\/historia\/wp-content\/uploads\/2024\/02\/logovillaada.png","width":1836,"height":1663,"caption":"Archivo Hist\u00f3rico de Villada"},"image":{"@id":"https:\/\/www.villadaturismo.com\/historia\/#\/schema\/logo\/image\/"},"sameAs":["https:\/\/www.facebook.com\/ayuntamiento.devillada\/?locale=es_ES","https:\/\/x.com\/aytodevillada","https:\/\/www.instagram.com\/ayuntamiento_villada\/","https:\/\/villada.es\/"]}]}},"tpgb_featured_images":null,"tpgb_post_meta_info":{"get_date":"04\/01\/2024","get_modified_date":"18\/07\/2024","author_name":"archivovillada","author_url":"https:\/\/www.villadaturismo.com\/historia\/author\/archivovillada\/","author_email":"sistembookjoven@gmail.com","author_website":"https:\/\/www.villadaturismo.com\/historia","author_description":"","author_facebook":"","author_twitter":"","author_instagram":"","author_role":["administrator"],"author_firstname":"","author_lastname":"","user_login":"archivovillada","author_avatar":"<img alt='' src='https:\/\/secure.gravatar.com\/avatar\/70a9c2e8e30b528b127678ab17bc3e849b71ad7835099e0d245bb355c3e1f2fc?s=200&#038;d=mm&#038;r=g' srcset='https:\/\/secure.gravatar.com\/avatar\/70a9c2e8e30b528b127678ab17bc3e849b71ad7835099e0d245bb355c3e1f2fc?s=400&#038;d=mm&#038;r=g 2x' class='avatar avatar-200 photo' height='200' width='200' decoding='async'\/>","author_avatar_url":"https:\/\/secure.gravatar.com\/avatar\/70a9c2e8e30b528b127678ab17bc3e849b71ad7835099e0d245bb355c3e1f2fc?s=96&d=mm&r=g","comment_count":0,"post_likes":0,"post_views":0},"tpgb_post_category":[],"_links":{"self":[{"href":"https:\/\/www.villadaturismo.com\/historia\/wp-json\/wp\/v2\/pages\/135","targetHints":{"allow":["GET"]}}],"collection":[{"href":"https:\/\/www.villadaturismo.com\/historia\/wp-json\/wp\/v2\/pages"}],"about":[{"href":"https:\/\/www.villadaturismo.com\/historia\/wp-json\/wp\/v2\/types\/page"}],"author":[{"embeddable":true,"href":"https:\/\/www.villadaturismo.com\/historia\/wp-json\/wp\/v2\/users\/1"}],"replies":[{"embeddable":true,"href":"https:\/\/www.villadaturismo.com\/historia\/wp-json\/wp\/v2\/comments?post=135"}],"version-history":[{"count":10,"href":"https:\/\/www.villadaturismo.com\/historia\/wp-json\/wp\/v2\/pages\/135\/revisions"}],"predecessor-version":[{"id":858,"href":"https:\/\/www.villadaturismo.com\/historia\/wp-json\/wp\/v2\/pages\/135\/revisions\/858"}],"wp:attachment":[{"href":"https:\/\/www.villadaturismo.com\/historia\/wp-json\/wp\/v2\/media?parent=135"}],"curies":[{"name":"wp","href":"https:\/\/api.w.org\/{rel}","templated":true}]}}